{"id":310,"date":"2021-12-03T12:06:37","date_gmt":"2021-12-03T15:06:37","guid":{"rendered":"https:\/\/epcsolar.com.br\/economia\/?page_id=310"},"modified":"2021-12-29T10:35:09","modified_gmt":"2021-12-29T13:35:09","slug":"politica-privacidade","status":"publish","type":"page","link":"https:\/\/epcsolar.com.br\/index.php\/politica-privacidade\/","title":{"rendered":"Pol\u00edtica de Privacidade"},"content":{"rendered":"\t\t<div data-elementor-type=\"wp-page\" data-elementor-id=\"310\" class=\"elementor elementor-310\" data-elementor-settings=\"{&quot;ha_cmc_init_switcher&quot;:&quot;no&quot;}\">\n\t\t\t\t\t\t<section class=\"elementor-section elementor-top-section elementor-element elementor-element-16275ba4 elementor-section-boxed elementor-section-height-default elementor-section-height-default wpr-particle-no wpr-jarallax-no wpr-parallax-no wpr-sticky-section-no jltma-glass-effect-no wpr-equal-height-no\" data-id=\"16275ba4\" data-element_type=\"section\" data-e-type=\"section\" data-settings=\"{&quot;_ha_eqh_enable&quot;:false}\">\n\t\t\t\t\t\t<div class=\"elementor-container elementor-column-gap-default\">\n\t\t\t\t\t<div class=\"elementor-column elementor-col-100 elementor-top-column elementor-element elementor-element-ea779a9 jltma-glass-effect-no\" data-id=\"ea779a9\" data-element_type=\"column\" data-e-type=\"column\">\n\t\t\t<div class=\"elementor-widget-wrap elementor-element-populated\">\n\t\t\t\t\t\t<div class=\"elementor-element elementor-element-12a67ad1 jltma-glass-effect-no elementor-widget elementor-widget-text-editor\" data-id=\"12a67ad1\" data-element_type=\"widget\" data-e-type=\"widget\" data-widget_type=\"text-editor.default\">\n\t\t\t\t<div class=\"elementor-widget-container\">\n\t\t\t\t\t\t\t\t\t<div class=\"cli_pg_page_contaner\">\n<h3>Pol\u00edtica de Privacidade<\/h3>\n<p>\u00a0<\/p>\n<h3>1. A Empresa<\/h3>\n<div>\u00a0<\/div>\n<div>\n<p>A <strong>N. E. A. SANTOS LIMA LTDA de nome fantasia representado por EPC Solar<\/strong>, \u00e9 uma empresa do Grupo Helio, se orgulha de sua atua\u00e7\u00e3o transparente. Por esse motivo gostar\u00edamos de comunicar de maneira clara e direta de que forma utilizamos os dados pessoais de nossos clientes e parceiros.<\/p>\n<p>Este documento (nossa \u201cPol\u00edtica de Privacidade\u201d) descreve o tratamento de dados pessoais realizado sob nossa responsabilidade. Em outras palavras, esta Pol\u00edtica de Privacidade detalha os motivos pelos quais a N. E. A. SANTOS LIMA LTDA utiliza dados pessoais, com quem esses dados s\u00e3o compartilhados, quais s\u00e3o os direitos dos titulares desses dados pessoais e como garantimos a seguran\u00e7a das informa\u00e7\u00f5es que nos s\u00e3o confiadas.<\/p>\n<p>Em caso de d\u00favidas, sugest\u00f5es ou para obter informa\u00e7\u00f5es complementares, entre em contato diretamente com o Encarregado oportunamente indicado nesta Pol\u00edtica de Privacidade.<\/p>\n<p>A N. E. A. SANTOS LIMA LTDA reserva-se o direito de alterar esta Pol\u00edtica de Privacidade a qualquer momento para fazer melhorias constantes no seu conte\u00fado. Todas as altera\u00e7\u00f5es ser\u00e3o v\u00e1lidas, eficazes e vinculantes ap\u00f3s a nova vers\u00e3o desta Pol\u00edtica de Privacidade ser divulgada nos nossos sites.<\/p>\n<p>Consulte esta Pol\u00edtica de Privacidade com frequ\u00eancia para ter acesso \u00e0 vers\u00e3o mais recente.<\/p>\n<p>\u00a0<\/p>\n<p>\u00a0<\/p>\n<\/div>\n<h3>2. Finalidade da coleta de dados pessoais<\/h3>\n<div>\n<p>A N. E. A. SANTOS LIMA LTDA coleta dados pessoais varia de acordo com o tipo de intera\u00e7\u00e3o que temos com os usu\u00e1rios de nossos servi\u00e7os, nossos clientes e parceiros comerciais. Com base na Lei n\u00ba 13.709\/2018 (\u201cLGPD\u201d), coletamos dados para diversas finalidades, dentre as quais:<\/p>\n<ul>\n<li>melhorar a experi\u00eancia de uso de nossos sites;<\/li>\n<li>gerir cadastros de clientes;<\/li>\n<li>cumprir obriga\u00e7\u00f5es contratuais e compromissos financeiros;<\/li>\n<li>nos comunicarmos com clientes e fornecedores;<\/li>\n<li>tratar de d\u00favidas e quest\u00f5es em geral;<\/li>\n<li>auxiliar e atender os titulares de dados no exerc\u00edcio dos seus direitos.<\/li>\n<\/ul>\n<p>O Anexo 1 desta Pol\u00edtica de Privacidade cont\u00e9m mais informa\u00e7\u00f5es sobre os dados coletados e as finalidades de tratamento.<\/p>\n<p>\u00a0<\/p>\n<p>\u00a0<\/p>\n<\/div>\n<h3>3. Compartilhamento de dados pessoais<\/h3>\n<div>\n<p>A N. E. A. SANTOS LIMA LTDA pode compartilhar os dados pessoais coletados com terceiros a fim de prestar servi\u00e7os da melhor forma poss\u00edvel. Veja abaixo os casos mais comuns de compartilhamento de dados pessoais:<\/p>\n<ul>\n<li>parceiros de neg\u00f3cios e outras empresas integrantes do Grupo Helio;<\/li>\n<li>colaboradores, fornecedores e prestadores de servi\u00e7os;<\/li>\n<li>empresas especializadas em tratamento de dados e seguran\u00e7a da informa\u00e7\u00e3o e quaisquer outros fornecedores de suporte operacional na Internet;<\/li>\n<li>processos judiciais, administrativos ou quando solicitado pelas autoridades competentes.<\/li>\n<li>\u00a0<\/li>\n<\/ul>\n<\/div>\n<h3>4. Transfer\u00eancias internacionais<\/h3>\n<div>Os prestadores de servi\u00e7os de tecnologia que d\u00e3o apoio aos nossos processos operacionais e sites de Internet podem estar localizados ou manter infra estrutura de tecnologia em outros pa\u00edses. Nesses casos, a N. E. A. SANTOS LIMA LTDA pode transferir dados pessoais com garantias adequadas e zelando sempre pela m\u00e1xima seguran\u00e7a deles. Para tais situa\u00e7\u00f5es, a N. E. A. SANTOS LIMA LTDA mant\u00e9m contratos espec\u00edficos para garantir o tratamento dos dados pessoais de acordo com a LGPD e a nossa pr\u00f3pria Pol\u00edtica de Privacidade.<\/div>\n<div>\u00a0<\/div>\n<h3>5. Direitos dos titulares de dados pessoais<\/h3>\n<div>\n<p>A N. E. A. SANTOS LIMA LTDA tem o compromisso de zelar pela privacidade dos titulares de dados. Possu\u00edmos um canal de comunica\u00e7\u00e3o \u00e0 disposi\u00e7\u00e3o de nossos clientes, usu\u00e1rios e parceiros empresariais para que os titulares exer\u00e7am todos os seus direitos de acordo com a LGPD. Se quiser utilizar esse canal, envie uma mensagem para <a href=\"mailto:dpo@helioenergias.com.br\" target=\"_blank\" rel=\"noopener\">dpo@helioenergias.com.br<\/a>.<\/p>\n<p>As informa\u00e7\u00f5es de tratamento de dados pessoais s\u00f3 interessam ao titular desses dados. Para garantir o acesso privativo a esses dados, a N. E. A. SANTOS LIMA LTDA pode solicitar c\u00f3pia de documentos de identifica\u00e7\u00e3o ou utilizar outros fatores de autentica\u00e7\u00e3o para confirmar a identidade do solicitante dessas informa\u00e7\u00f5es.<\/p>\n<p>Se tiver alguma d\u00favida, quiser solicitar acesso aos seus dados ou exercer direitos garantidos pela LGPD, utilize o canal acima e envie uma mensagem para\u00a0<a href=\"mailto:dpo@helioenergias.com.br\" target=\"_blank\" rel=\"noopener\">dpo@helioenergias.com.br<\/a>.<\/p>\n<p>O Anexo 2 desta Pol\u00edtica de Privacidade cont\u00e9m mais informa\u00e7\u00f5es sobre os direitos dos titulares de dados pessoais.<\/p>\n<p>\u00a0<\/p>\n<\/div>\n<h3>6. Armazenamento de dados pessoais<\/h3>\n<p>A N. E. A. SANTOS LIMA LTDA s\u00f3 mant\u00e9m dados pessoais pelo tempo necess\u00e1rio para cumprir a finalidade de tratamento correspondente. Observamos cuidadosamente as regras de reten\u00e7\u00e3o e descarte de dados pessoais de nossa pr\u00f3pria pol\u00edtica de Seguran\u00e7a da Informa\u00e7\u00e3o. Essa pol\u00edtica cont\u00e9m diretrizes para determinar o per\u00edodo de reten\u00e7\u00e3o adequado para cada tipo de dado pessoal, con\u00adsiderando a necessidade, finalidade do tratamento e natureza do dado pessoal.<\/p>\n<p>Al\u00e9m de cumprir as regras que estabelecem prazos de tratamento estritamente necess\u00e1rios para cumprir as finalidades correspondentes, a N. E. A. SANTOS LIMA LTDA ir\u00e1 conservar os dados pessoais posteriormente, devidamente guardados e protegidos, durante o tempo em que puderem surgir responsabilidades decorrentes do tratamento, em conformidade com as exig\u00eancias da LGPD e seu regulamentos ent\u00e3o em vigor.<\/p>\n<p>\u00a0<\/p>\n<h3>7. Seguran\u00e7a dos dados pessoais<\/h3>\n<p>A N. E. A. SANTOS LIMA LTDA cumpre padr\u00f5es de seguran\u00e7a t\u00e9cnicos e administrativos recomendados pela LGPD e seus regulamentos. Utilizamos diversos tipos de medidas de seguran\u00e7a para garantir a integridade dos dados pessoais, tais como criptografia de dados, anonimiza\u00e7\u00e3o, pol\u00edticas de acesso de gest\u00e3o dos dados, dentre outras, de forma a preservar a integridade desses dados e proteg\u00ea-los contra acessos n\u00e3o autorizados ou outros incidentes de seguran\u00e7a.<\/p>\n<p>\u00a0<\/p>\n<h3>8. Pol\u00edtica sobre cookies<\/h3>\n<p>\u201cCookies\u201d s\u00e3o pequenos arquivos armazenados no computador de quem acessa qualquer site da N. E. A. SANTOS LIMA LTDA para coletar informa\u00e7\u00f5es a respeito dessa navega\u00e7\u00e3o e\/ou o dispositivo de acesso. Os cookies nos ajudam a aprimorar a utiliza\u00e7\u00e3o de nossos sites e para conhecermos melhor a forma nossos visitantes interagem conosco. Em alguns casos, a N. E. A. SANTOS LIMA LTDA pode exibir publicidade direcionada a partir de an\u00e1lises da utiliza\u00e7\u00e3o de nossos sites.<\/p>\n<p>Para impedir a instala\u00e7\u00e3o de cookies basta configurar o navegador ou optar por n\u00e3o os aceitar na p\u00e1gina inicial de nosso site. N. E. A. SANTOS LIMA LTDA n\u00e3o garante o correto funcionamento ou a melhor experi\u00eancia de navega\u00e7\u00e3o em nosso site, ou o de quaisquer servi\u00e7os na Internet, caso os cookies sejam bloqueados desta maneira.<\/p>\n<p>O Anexo 3 desta Pol\u00edtica de Privacidade cont\u00e9m mais informa\u00e7\u00f5es sobre cookies.<\/p>\n<p>\u00a0<\/p>\n<h3>8. D\u00favidas e esclarecimentos<\/h3>\n<p>Se por alguma raz\u00e3o n\u00e3o concordar com a forma que utilizamos seus dados pessoais, voc\u00ea pode utilizar o canal de comunica\u00e7\u00e3o que indicamos na Se\u00e7\u00e3o 5 e entrar em contato diretamente com o nosso Encarregado de tratamento de dados pessoais enviando uma mensagem para\u00a0<a href=\"mailto:dpo@helioenergias.com.br\" target=\"_blank\" rel=\"noopener\">dpo@helioenergias.com.br<\/a>.<\/p>\n<p>\u00a0<\/p>\n<p>\u00a0<\/p>\n<h3><u>Anexo 1<\/u><\/h3>\n<p>Detalhamento das finalidades de coleta e tratamento de dados pessoais<\/p>\n<p>A depender da finalidade, a N. E. A. SANTOS LIMA LTDA trata determinados dados pessoais que, em geral s\u00e3o os seguintes:<\/p>\n<ul>\n<li>Dados cadastrais: nome, e-mail, n\u00fameros de identifica\u00e7\u00e3o, endere\u00e7os, informa\u00e7\u00f5es de contato, inclusive para fins de pesquisa e avalia\u00e7\u00e3o de cr\u00e9dito.<\/li>\n<li>\u00a0<\/li>\n<li>Dados de geolocaliza\u00e7\u00e3o, em caso de intera\u00e7\u00e3o via celular, desktop ou outros dispositivos m\u00f3veis.<\/li>\n<li>Dados coletados automaticamente: caracter\u00edsticas do dispositivo de acesso, do navegador, IP (com data e hora), origem do IP, informa\u00e7\u00f5es sobre cliques e sobre o acesso das p\u00e1ginas, ou, ainda, qualquer termo de procura digitado nos sites ou em refer\u00eancia a estes, dentre outros.<\/li>\n<\/ul>\n<p>A N. E. A. SANTOS LIMA LTDA trata os dados pessoais de acordo com a intera\u00e7\u00e3o de clientes, usu\u00e1rios e fornecedores com nossas atividades. A seguir detalhamos cada uma das finalidades para as quais os dados pessoais s\u00e3o tratados:<\/p>\n<ul>\n<li>Gest\u00e3o de identifica\u00e7\u00e3o, registro e acesso a sites de Internet.<\/li>\n<li>\u00a0<\/li>\n<li>Presta\u00e7\u00e3o de suporte: para essa finalidade podemos utilizar respostas de pesquisas ou consultas feitas pelos diferentes sites como uma forma de auxiliar usu\u00e1rios e clientes, tanto na presta\u00e7\u00e3o de um servi\u00e7o, quanto na execu\u00e7\u00e3o de um direito como titular de dados.<\/li>\n<li>Aprimoramento da experi\u00eancia e navega\u00e7\u00e3o em nossos sites de Internet.<\/li>\n<li>Comunica\u00e7\u00e3o com usu\u00e1rios, clientes e fornecedores por meio de e-mail, telefone e outros meios de comunica\u00e7\u00e3o disponibilizados em cadastros.<\/li>\n<li>Gest\u00e3o e cumprimento de contratos, inclusive de trabalho e presta\u00e7\u00e3o de servi\u00e7os.<\/li>\n<\/ul>\n<div>\u00a0<\/div>\n<div>\u00a0<\/div>\n<h3><u>Anexo 2<\/u><\/h3>\n<p>Direitos do titular de dados<\/p>\n<p>Nos termos do art. 17 e seguintes da LGPD, os direitos do titular de dados, em resumo, s\u00e3o os seguintes:<\/p>\n<ul>\n<li>confirma\u00e7\u00e3o e acesso aos dados pessoais tratados pela N. E. A. SANTOS LIMA LTDA corre\u00e7\u00e3o de dados pessoais desatualizados, incompletos ou inexatos;<\/li>\n<li>anonimiza\u00e7\u00e3o, bloqueio ou elimina\u00e7\u00e3o de dados pessoais desnecess\u00e1rios;<\/li>\n<li>informa\u00e7\u00f5es sobre consentimento;<\/li>\n<li>revoga\u00e7\u00e3o do consentimento;<\/li>\n<li>informa\u00e7\u00f5es sobre compartilhamento de dados pessoais;<\/li>\n<li>oposi\u00e7\u00e3o\/revoga\u00e7\u00e3o do consentimento;<\/li>\n<li>portabilidade dos dados para outro fornecedor de servi\u00e7o ou produto.<\/li>\n<\/ul>\n<div>\u00a0<\/div>\n<h3><u>Anexo 3<\/u><\/h3>\n<p>Detalhamento dos Cookies<\/p>\n<p>\u00a0<\/p>\n<p><strong>Por que utilizamos cookies?<\/strong><\/p>\n<p>O principal objetivo dos cookies \u00e9 aprimorar a experi\u00eancia de navega\u00e7\u00e3o nos sites da N. E. A. SANTOS LIMA LTDA.<\/p>\n<p>Por motivo de clareza e transpar\u00eancia, relacionamos abaixo as principais finalidades de utiliza\u00e7\u00e3o de cookies:<\/p>\n<ul>\n<li>cookies para o fornecimento de servi\u00e7os;<\/li>\n<li>cookies estat\u00edsticos;<\/li>\n<li>cookies para fins promocionais.<\/li>\n<li>\u00a0<\/li>\n<\/ul>\n<p><strong>Quem utiliza as informa\u00e7\u00f5es armazenadas atrav\u00e9s dos cookies?<\/strong><\/p>\n<p>A fim de aprimorar nossos servi\u00e7os, as informa\u00e7\u00f5es registradas nos Cookies podem ser compartilhadas com empresas que nos auxiliam e prestam servi\u00e7os relacionados a opera\u00e7\u00f5es na Internet.<\/p>\n<p>\u00a0<\/p>\n<p><strong>Desativa\u00e7\u00e3o de cookie<\/strong><\/p>\n<p>Se o usu\u00e1rio ou visitante de um site da N. E. A. SANTOS LIMA LTDA n\u00e3o quiser utilizar cookies, basta bloquear, restringir ou eliminar os cookies por meio das pr\u00f3prias configura\u00e7\u00f5es do navegador. Essas op\u00e7\u00f5es em geral encontram-se nas \u201cPrefer\u00eancias\u201d ou \u201cFerramentas\u201d do navegador.<\/p>\n<p>Atualizado em: 03\/12\/2021<\/p>\n<p>\u00a0<\/p>\n<\/div>\n<p><\/p>\n<p><\/p>\t\t\t\t\t\t\t\t<\/div>\n\t\t\t\t<\/div>\n\t\t\t\t\t<\/div>\n\t\t<\/div>\n\t\t\t\t\t<\/div>\n\t\t<\/section>\n\t\t\t\t<\/div>\n\t\t","protected":false},"excerpt":{"rendered":"<p>Pol\u00edtica de Privacidade \u00a0 1. A Empresa \u00a0 A N. E. A. SANTOS LIMA LTDA de nome fantasia representado por EPC Solar, \u00e9 uma empresa do Grupo Helio, se orgulha de sua atua\u00e7\u00e3o transparente. Por esse motivo gostar\u00edamos de comunicar de maneira clara e direta de que forma utilizamos os dados pessoais de nossos clientes e parceiros. Este documento (nossa \u201cPol\u00edtica de Privacidade\u201d) descreve o tratamento de dados pessoais realizado sob nossa responsabilidade. Em outras palavras, esta Pol\u00edtica de Privacidade detalha os motivos pelos quais a N. E. A. SANTOS LIMA LTDA utiliza dados pessoais, com quem esses dados s\u00e3o compartilhados, quais s\u00e3o os direitos dos titulares desses dados pessoais e como garantimos a seguran\u00e7a das informa\u00e7\u00f5es que nos s\u00e3o confiadas. Em caso de d\u00favidas, sugest\u00f5es ou para obter informa\u00e7\u00f5es complementares, entre em contato diretamente com o Encarregado oportunamente indicado nesta Pol\u00edtica de Privacidade. A N. E. A. SANTOS LIMA LTDA reserva-se o direito de alterar esta Pol\u00edtica de Privacidade a qualquer momento para fazer melhorias constantes no seu conte\u00fado. Todas as altera\u00e7\u00f5es ser\u00e3o v\u00e1lidas, eficazes e vinculantes ap\u00f3s a nova vers\u00e3o desta Pol\u00edtica de Privacidade ser divulgada nos nossos sites. Consulte esta Pol\u00edtica de Privacidade com frequ\u00eancia para ter acesso \u00e0 vers\u00e3o mais recente. \u00a0 \u00a0 2. Finalidade da coleta de dados pessoais A N. E. A. SANTOS LIMA LTDA coleta dados pessoais varia de acordo com o tipo de intera\u00e7\u00e3o que temos com os usu\u00e1rios de nossos servi\u00e7os, nossos clientes e parceiros comerciais. Com base na Lei n\u00ba 13.709\/2018 (\u201cLGPD\u201d), coletamos dados para diversas finalidades, dentre as quais: melhorar a experi\u00eancia de uso de nossos sites; gerir cadastros de clientes; cumprir obriga\u00e7\u00f5es contratuais e compromissos financeiros; nos comunicarmos com clientes e fornecedores; tratar de d\u00favidas e quest\u00f5es em geral; auxiliar e atender os titulares de dados no exerc\u00edcio dos seus direitos. O Anexo 1 desta Pol\u00edtica de Privacidade cont\u00e9m mais informa\u00e7\u00f5es sobre os dados coletados e as finalidades de tratamento. \u00a0 \u00a0 3. Compartilhamento de dados pessoais A N. E. A. SANTOS LIMA LTDA pode compartilhar os dados pessoais coletados com terceiros a fim de prestar servi\u00e7os da melhor forma poss\u00edvel. Veja abaixo os casos mais comuns de compartilhamento de dados pessoais: parceiros de neg\u00f3cios e outras empresas integrantes do Grupo Helio; colaboradores, fornecedores e prestadores de servi\u00e7os; empresas especializadas em tratamento de dados e seguran\u00e7a da informa\u00e7\u00e3o e quaisquer outros fornecedores de suporte operacional na Internet; processos judiciais, administrativos ou quando solicitado pelas autoridades competentes. \u00a0 4. Transfer\u00eancias internacionais Os prestadores de servi\u00e7os de tecnologia que d\u00e3o apoio aos nossos processos operacionais e sites de Internet podem estar localizados ou manter infra estrutura de tecnologia em outros pa\u00edses. Nesses casos, a N. E. A. SANTOS LIMA LTDA pode transferir dados pessoais com garantias adequadas e zelando sempre pela m\u00e1xima seguran\u00e7a deles. Para tais situa\u00e7\u00f5es, a N. E. A. SANTOS LIMA LTDA mant\u00e9m contratos espec\u00edficos para garantir o tratamento dos dados pessoais de acordo com a LGPD e a nossa pr\u00f3pria Pol\u00edtica de Privacidade. \u00a0 5. Direitos dos titulares de dados pessoais A N. E. A. SANTOS LIMA LTDA tem o compromisso de zelar pela privacidade dos titulares de dados. Possu\u00edmos um canal de comunica\u00e7\u00e3o \u00e0 disposi\u00e7\u00e3o de nossos clientes, usu\u00e1rios e parceiros empresariais para que os titulares exer\u00e7am todos os seus direitos de acordo com a LGPD. Se quiser utilizar esse canal, envie uma mensagem para dpo@helioenergias.com.br. As informa\u00e7\u00f5es de tratamento de dados pessoais s\u00f3 interessam ao titular desses dados. Para garantir o acesso privativo a esses dados, a N. E. A. SANTOS LIMA LTDA pode solicitar c\u00f3pia de documentos de identifica\u00e7\u00e3o ou utilizar outros fatores de autentica\u00e7\u00e3o para confirmar a identidade do solicitante dessas informa\u00e7\u00f5es. Se tiver alguma d\u00favida, quiser solicitar acesso aos seus dados ou exercer direitos garantidos pela LGPD, utilize o canal acima e envie uma mensagem para\u00a0dpo@helioenergias.com.br. O Anexo 2 desta Pol\u00edtica de Privacidade cont\u00e9m mais informa\u00e7\u00f5es sobre os direitos dos titulares de dados pessoais. \u00a0 6. Armazenamento de dados pessoais A N. E. A. SANTOS LIMA LTDA s\u00f3 mant\u00e9m dados pessoais pelo tempo necess\u00e1rio para cumprir a finalidade de tratamento correspondente. Observamos cuidadosamente as regras de reten\u00e7\u00e3o e descarte de dados pessoais de nossa pr\u00f3pria pol\u00edtica de Seguran\u00e7a da Informa\u00e7\u00e3o. Essa pol\u00edtica cont\u00e9m diretrizes para determinar o per\u00edodo de reten\u00e7\u00e3o adequado para cada tipo de dado pessoal, con\u00adsiderando a necessidade, finalidade do tratamento e natureza do dado pessoal. Al\u00e9m de cumprir as regras que estabelecem prazos de tratamento estritamente necess\u00e1rios para cumprir as finalidades correspondentes, a N. E. A. SANTOS LIMA LTDA ir\u00e1 conservar os dados pessoais posteriormente, devidamente guardados e protegidos, durante o tempo em que puderem surgir responsabilidades decorrentes do tratamento, em conformidade com as exig\u00eancias da LGPD e seu regulamentos ent\u00e3o em vigor. \u00a0 7. Seguran\u00e7a dos dados pessoais A N. E. A. SANTOS LIMA LTDA cumpre padr\u00f5es de seguran\u00e7a t\u00e9cnicos e administrativos recomendados pela LGPD e seus regulamentos. Utilizamos diversos tipos de medidas de seguran\u00e7a para garantir a integridade dos dados pessoais, tais como criptografia de dados, anonimiza\u00e7\u00e3o, pol\u00edticas de acesso de gest\u00e3o dos dados, dentre outras, de forma a preservar a integridade desses dados e proteg\u00ea-los contra acessos n\u00e3o autorizados ou outros incidentes de seguran\u00e7a. \u00a0 8. Pol\u00edtica sobre cookies \u201cCookies\u201d s\u00e3o pequenos arquivos armazenados no computador de quem acessa qualquer site da N. E. A. SANTOS LIMA LTDA para coletar informa\u00e7\u00f5es a respeito dessa navega\u00e7\u00e3o e\/ou o dispositivo de acesso. Os cookies nos ajudam a aprimorar a utiliza\u00e7\u00e3o de nossos sites e para conhecermos melhor a forma nossos visitantes interagem conosco. Em alguns casos, a N. E. A. SANTOS LIMA LTDA pode exibir publicidade direcionada a partir de an\u00e1lises da utiliza\u00e7\u00e3o de nossos sites. Para impedir a instala\u00e7\u00e3o de cookies basta configurar o navegador ou optar por n\u00e3o os aceitar na p\u00e1gina inicial de nosso site. N. E. A. SANTOS LIMA LTDA n\u00e3o garante o correto funcionamento ou a melhor experi\u00eancia de navega\u00e7\u00e3o em nosso site, ou o de quaisquer servi\u00e7os na Internet, caso os cookies sejam bloqueados desta maneira. O Anexo 3 desta Pol\u00edtica<\/p>\n","protected":false},"author":1,"featured_media":0,"parent":0,"menu_order":0,"comment_status":"closed","ping_status":"closed","template":"","meta":{"footnotes":""},"class_list":["post-310","page","type-page","status-publish","hentry"],"_links":{"self":[{"href":"https:\/\/epcsolar.com.br\/index.php\/wp-json\/wp\/v2\/pages\/310","targetHints":{"allow":["GET"]}}],"collection":[{"href":"https:\/\/epcsolar.com.br\/index.php\/wp-json\/wp\/v2\/pages"}],"about":[{"href":"https:\/\/epcsolar.com.br\/index.php\/wp-json\/wp\/v2\/types\/page"}],"author":[{"embeddable":true,"href":"https:\/\/epcsolar.com.br\/index.php\/wp-json\/wp\/v2\/users\/1"}],"replies":[{"embeddable":true,"href":"https:\/\/epcsolar.com.br\/index.php\/wp-json\/wp\/v2\/comments?post=310"}],"version-history":[{"count":9,"href":"https:\/\/epcsolar.com.br\/index.php\/wp-json\/wp\/v2\/pages\/310\/revisions"}],"predecessor-version":[{"id":348,"href":"https:\/\/epcsolar.com.br\/index.php\/wp-json\/wp\/v2\/pages\/310\/revisions\/348"}],"wp:attachment":[{"href":"https:\/\/epcsolar.com.br\/index.php\/wp-json\/wp\/v2\/media?parent=310"}],"curies":[{"name":"wp","href":"https:\/\/api.w.org\/{rel}","templated":true}]}}